{"id":14922,"date":"2025-02-06T11:24:39","date_gmt":"2025-02-06T10:24:39","guid":{"rendered":"https:\/\/zodr.pl\/zinet\/?page_id=14922"},"modified":"2025-04-30T15:27:17","modified_gmt":"2025-04-30T13:27:17","slug":"projekty-ps-wpr-2023-2027-2","status":"publish","type":"page","link":"https:\/\/zodr.pl\/zinet\/projekty-ps-wpr-2023-2027-2\/","title":{"rendered":"Projekty PS WPR 2023-2027"},"content":{"rendered":"\n<div class=\"wp-block-uagb-container uagb-block-d0f463f3 alignwide uagb-is-root-container\">\n<div class=\"inherit-container-width wp-block-group is-layout-constrained wp-block-group-is-layout-constrained\">\n<div class=\"wp-block-uagb-image aligncenter uagb-block-b9baa319 wp-block-uagb-image--layout-default wp-block-uagb-image--effect-static wp-block-uagb-image--align-center\"><figure class=\"wp-block-uagb-image__figure\"><img decoding=\"async\" srcset=\"https:\/\/zodr.pl\/zinet\/wp-content\/uploads\/2025\/02\/Tablica-KDR-www-1-1024x726.png ,https:\/\/zodr.pl\/zinet\/wp-content\/uploads\/2025\/02\/Tablica-KDR-www-1.png 780w, https:\/\/zodr.pl\/zinet\/wp-content\/uploads\/2025\/02\/Tablica-KDR-www-1.png 360w\" sizes=\"auto, (max-width: 480px) 150px\" src=\"https:\/\/zodr.pl\/zinet\/wp-content\/uploads\/2025\/02\/Tablica-KDR-www-1-1024x726.png\" alt=\"\" class=\"uag-image-14910\" width=\"1024\" height=\"726\" title=\"Tablica KDR www\" loading=\"lazy\" role=\"img\"\/><\/figure><\/div>\n\n\n\n<p class=\"has-text-align-center\"><strong>Zachodniopomorski O\u015brodek Doradztwa Rolniczego w Barzkowicach realizuje operacj\u0119 w zakresie \u015bwiadczenia us\u0142ug doradczych z interwencji&nbsp;<em>I.14.2.1 Kompleksowe programy doradcze.<\/em><\/strong><\/p>\n\n\n\n<p class=\"has-text-align-center\">Projekt obj\u0119ty&nbsp;<em>Planem Strategicznym dla Wsp\u00f3lnej Polityki Rolnej na lata 2023-2027<\/em>&nbsp;polega na przekazaniu rolnikom oraz m\u0142odym rolnikom sposob\u00f3w post\u0119powania maj\u0105cych na celu poprawienia wyniku ekonomicznego gospodarstw rolnych, a tak\u017ce zwi\u0119kszenia przyjazno\u015bci tych gospodarstw dla \u015brodowiska oraz ich adaptacji do zmian klimatycznych. Ka\u017cda z us\u0142ug w ramach programu doradczego zostaje indywidualnie wybrana z rolnikiem lub m\u0142odym rolnikiem i pochodzi z przekazanego przez ARiMR katalogu metodyk. Stosowanie si\u0119 do zasad okre\u015blonych w metodykach doradzania pozwala doradcom na zachowania wysokich, jednolitych standard\u00f3w \u015bwiadczonych us\u0142ug doradczych.<\/p>\n\n\n\n<p class=\"has-text-align-center\">&nbsp;Wsparcie jest udzielane na \u015bwiadczenie us\u0142ug doradczych dla rolnik\u00f3w. Us\u0142ugi s\u0105 realizowane w postaci kompleksowych program\u00f3w doradczych odpowiadaj\u0105cych na potrzeby gospodarstwa. \u015awiadczenie bezp\u0142atnych us\u0142ug doradczych powinno przyczyni\u0107 si\u0119 do u\u0142atwienia podejmowania decyzji w sprawie restrukturyzacji i modernizacji gospodarstw rolnych, a tym samym poprawy efektywno\u015bci gospodarowania i efektywno\u015bci \u015brodowiskowej, a przez to przyczyni\u0107 si\u0119 do zwi\u0119kszenia ich konkurencyjno\u015bci na rynku krajowym i zagranicznym.<\/p>\n\n\n\n<p class=\"has-text-align-center\"><strong>\u015aWIADCZENIE US\u0141UG DORADCZYCH JEST BEZP\u0141ATNE DLA ROLNIK\u00d3W!<\/strong><\/p>\n\n\n\n<p class=\"has-text-align-center\"><strong>W ramach program\u00f3w doradczych realizowane s\u0105 nast\u0119puj\u0105ce us\u0142ugi:<\/strong><\/p>\n\n\n\n<ul class=\"wp-block-list\">\n<li>Analiza sytuacji produkcyjno-ekonomicznej gospodarstwa,<\/li>\n\n\n\n<li>Ekoschematy &#8211; systemy na rzecz klimatu, \u015brodowiska i dobrostanu zwierz\u0105t,<\/li>\n\n\n\n<li>System integrowanej produkcji ro\u015blin,<\/li>\n\n\n\n<li>Biologiczne metody ochrony,<\/li>\n\n\n\n<li>Rolnictwo ekologiczne,<\/li>\n\n\n\n<li>Ocena dostosowania gospodarstwa rolnego do norm i wymog\u00f3w warunkowo\u015bci,<\/li>\n\n\n\n<li>Doradztwo dla m\u0142odych rolnik\u00f3w &#8211; beneficjent\u00f3w interwencji I.11. PS WPR,<\/li>\n\n\n\n<li>Rachunkowo\u015b\u0107 w gospodarstwie rolnym, z wykorzystaniem narz\u0119dzia lERiG\u017b,<\/li>\n\n\n\n<li>Zarz\u0105dzanie i planowanie w gospodarstwie rolnym,<\/li>\n\n\n\n<li>Zobowi\u0105zania \u015brodowiskowe i klimatyczne, w tym ochrona zasob\u00f3w genetycznych zwierz\u0105t i ro\u015blin.<\/li>\n<\/ul>\n\n\n\n<p class=\"has-text-align-center\"><strong>Informacje dotycz\u0105ce projektu, mo\u017cna uzyska\u0107 kontaktuj\u0105c si\u0119 z Powiatowymi Zespo\u0142ami Doradztwa Rolniczego oraz siedzib\u0105 Zachodniopomorskiego O\u015brodka Doradztwa Rolniczego w Barzkowicach.<\/strong><\/p>\n<\/div>\n<\/div>\n","protected":false},"excerpt":{"rendered":"<p>Zachodniopomorski O\u015brodek Doradztwa Rolniczego w Barzkowicach realizuje operacj\u0119 w zakresie \u015bwiadczenia us\u0142ug doradczych z interwencji&nbsp;I.14.2.1 Kompleksowe programy doradcze. Projekt obj\u0119ty&nbsp;Planem Strategicznym dla Wsp\u00f3lnej Polityki Rolnej na lata 2023-2027&nbsp;polega na przekazaniu rolnikom oraz m\u0142odym rolnikom sposob\u00f3w post\u0119powania maj\u0105cych na celu poprawienia wyniku ekonomicznego gospodarstw rolnych, a tak\u017ce zwi\u0119kszenia przyjazno\u015bci tych gospodarstw dla \u015brodowiska oraz ich adaptacji &hellip;<\/p>\n<p class=\"read-more\"> <a class=\"\" href=\"https:\/\/zodr.pl\/zinet\/projekty-ps-wpr-2023-2027-2\/\"> <span class=\"screen-reader-text\">Projekty PS WPR 2023-2027<\/span> Czytaj wi\u0119cej &raquo;<\/a><\/p>\n","protected":false},"author":25,"featured_media":0,"parent":0,"menu_order":0,"comment_status":"closed","ping_status":"closed","template":"","meta":{"_eb_attr":"","_uag_custom_page_level_css":"","site-sidebar-layout":"default","site-content-layout":"","ast-site-content-layout":"default","site-content-style":"default","site-sidebar-style":"default","ast-global-header-display":"","ast-banner-title-visibility":"","ast-main-header-display":"","ast-hfb-above-header-display":"","ast-hfb-below-header-display":"","ast-hfb-mobile-header-display":"","site-post-title":"","ast-breadcrumbs-content":"","ast-featured-img":"","footer-sml-layout":"","theme-transparent-header-meta":"","adv-header-id-meta":"","stick-header-meta":"","header-above-stick-meta":"","header-main-stick-meta":"","header-below-stick-meta":"","astra-migrate-meta-layouts":"set","_mc_calendar":[],"footnotes":""},"class_list":["post-14922","page","type-page","status-publish","hentry"],"yoast_head":"<!-- This site is optimized with the Yoast SEO plugin v25.7 - https:\/\/yoast.com\/wordpress\/plugins\/seo\/ -->\n<title>Projekty PS WPR 2023-2027 - Zachodniopomorski O\u015brodek Doradztwa Rolniczego w Barzkowicach<\/title>\n<meta name=\"robots\" content=\"index, follow, max-snippet:-1, max-image-preview:large, max-video-preview:-1\" \/>\n<link rel=\"canonical\" href=\"https:\/\/zodr.pl\/zinet\/projekty-ps-wpr-2023-2027-2\/\" \/>\n<meta property=\"og:locale\" content=\"pl_PL\" \/>\n<meta property=\"og:type\" content=\"article\" \/>\n<meta property=\"og:title\" content=\"Projekty PS WPR 2023-2027 - Zachodniopomorski O\u015brodek Doradztwa Rolniczego w Barzkowicach\" \/>\n<meta property=\"og:description\" content=\"Zachodniopomorski O\u015brodek Doradztwa Rolniczego w Barzkowicach realizuje operacj\u0119 w zakresie \u015bwiadczenia us\u0142ug doradczych z interwencji&nbsp;I.14.2.1 Kompleksowe programy doradcze. Projekt obj\u0119ty&nbsp;Planem Strategicznym dla Wsp\u00f3lnej Polityki Rolnej na lata 2023-2027&nbsp;polega na przekazaniu rolnikom oraz m\u0142odym rolnikom sposob\u00f3w post\u0119powania maj\u0105cych na celu poprawienia wyniku ekonomicznego gospodarstw rolnych, a tak\u017ce zwi\u0119kszenia przyjazno\u015bci tych gospodarstw dla \u015brodowiska oraz ich adaptacji &hellip; Projekty PS WPR 2023-2027 Czytaj wi\u0119cej &raquo;\" \/>\n<meta property=\"og:url\" content=\"https:\/\/zodr.pl\/zinet\/projekty-ps-wpr-2023-2027-2\/\" \/>\n<meta property=\"og:site_name\" content=\"Zachodniopomorski O\u015brodek Doradztwa Rolniczego w Barzkowicach\" \/>\n<meta property=\"article:publisher\" content=\"https:\/\/facebook.com\/zodr.barzkowice\/\" \/>\n<meta property=\"article:modified_time\" content=\"2025-04-30T13:27:17+00:00\" \/>\n<meta property=\"og:image\" content=\"https:\/\/zodr.pl\/zinet\/wp-content\/uploads\/2025\/02\/Tablica-KDR-www-1-1024x726.png\" \/>\n<meta name=\"twitter:card\" content=\"summary_large_image\" \/>\n<meta name=\"twitter:label1\" content=\"Est. reading time\" \/>\n\t<meta name=\"twitter:data1\" content=\"2 minuty\" \/>\n<script type=\"application\/ld+json\" class=\"yoast-schema-graph\">{\"@context\":\"https:\/\/schema.org\",\"@graph\":[{\"@type\":\"WebPage\",\"@id\":\"https:\/\/zodr.pl\/zinet\/projekty-ps-wpr-2023-2027-2\/\",\"url\":\"https:\/\/zodr.pl\/zinet\/projekty-ps-wpr-2023-2027-2\/\",\"name\":\"Projekty PS WPR 2023-2027 - Zachodniopomorski O\u015brodek Doradztwa Rolniczego w Barzkowicach\",\"isPartOf\":{\"@id\":\"https:\/\/zodr.pl\/zinet\/#website\"},\"primaryImageOfPage\":{\"@id\":\"https:\/\/zodr.pl\/zinet\/projekty-ps-wpr-2023-2027-2\/#primaryimage\"},\"image\":{\"@id\":\"https:\/\/zodr.pl\/zinet\/projekty-ps-wpr-2023-2027-2\/#primaryimage\"},\"thumbnailUrl\":\"https:\/\/zodr.pl\/zinet\/wp-content\/uploads\/2025\/02\/Tablica-KDR-www-1-1024x726.png\",\"datePublished\":\"2025-02-06T10:24:39+00:00\",\"dateModified\":\"2025-04-30T13:27:17+00:00\",\"breadcrumb\":{\"@id\":\"https:\/\/zodr.pl\/zinet\/projekty-ps-wpr-2023-2027-2\/#breadcrumb\"},\"inLanguage\":\"pl-PL\",\"potentialAction\":[{\"@type\":\"ReadAction\",\"target\":[\"https:\/\/zodr.pl\/zinet\/projekty-ps-wpr-2023-2027-2\/\"]}]},{\"@type\":\"ImageObject\",\"inLanguage\":\"pl-PL\",\"@id\":\"https:\/\/zodr.pl\/zinet\/projekty-ps-wpr-2023-2027-2\/#primaryimage\",\"url\":\"https:\/\/zodr.pl\/zinet\/wp-content\/uploads\/2025\/02\/Tablica-KDR-www-1.png\",\"contentUrl\":\"https:\/\/zodr.pl\/zinet\/wp-content\/uploads\/2025\/02\/Tablica-KDR-www-1.png\",\"width\":1200,\"height\":851},{\"@type\":\"BreadcrumbList\",\"@id\":\"https:\/\/zodr.pl\/zinet\/projekty-ps-wpr-2023-2027-2\/#breadcrumb\",\"itemListElement\":[{\"@type\":\"ListItem\",\"position\":1,\"name\":\"Home\",\"item\":\"https:\/\/zodr.pl\/zinet\/\"},{\"@type\":\"ListItem\",\"position\":2,\"name\":\"Projekty PS WPR 2023-2027\"}]},{\"@type\":\"WebSite\",\"@id\":\"https:\/\/zodr.pl\/zinet\/#website\",\"url\":\"https:\/\/zodr.pl\/zinet\/\",\"name\":\"Zachodniopomorski O\u015brodek Doradztwa Rolniczego w Barzkowicach\",\"description\":\"Nowoczesne sale na ka\u017cde wydarzenie - konferencje, szkolenia, warsztaty i uroczysto\u015bci\",\"publisher\":{\"@id\":\"https:\/\/zodr.pl\/zinet\/#organization\"},\"potentialAction\":[{\"@type\":\"SearchAction\",\"target\":{\"@type\":\"EntryPoint\",\"urlTemplate\":\"https:\/\/zodr.pl\/zinet\/?s={search_term_string}\"},\"query-input\":{\"@type\":\"PropertyValueSpecification\",\"valueRequired\":true,\"valueName\":\"search_term_string\"}}],\"inLanguage\":\"pl-PL\"},{\"@type\":\"Organization\",\"@id\":\"https:\/\/zodr.pl\/zinet\/#organization\",\"name\":\"Zachodniopomorski O\u015brodek Doradztwa Rolniczego w Barzkowicach\",\"url\":\"https:\/\/zodr.pl\/zinet\/\",\"logo\":{\"@type\":\"ImageObject\",\"inLanguage\":\"pl-PL\",\"@id\":\"https:\/\/zodr.pl\/zinet\/#\/schema\/logo\/image\/\",\"url\":\"https:\/\/zodr.pl\/zinet\/wp-content\/uploads\/2024\/07\/cropped-logo_zodr.png\",\"contentUrl\":\"https:\/\/zodr.pl\/zinet\/wp-content\/uploads\/2024\/07\/cropped-logo_zodr.png\",\"width\":125,\"height\":115,\"caption\":\"Zachodniopomorski O\u015brodek Doradztwa Rolniczego w Barzkowicach\"},\"image\":{\"@id\":\"https:\/\/zodr.pl\/zinet\/#\/schema\/logo\/image\/\"},\"sameAs\":[\"https:\/\/facebook.com\/zodr.barzkowice\/\"]}]}<\/script>\n<!-- \/ Yoast SEO plugin. -->","yoast_head_json":{"title":"Projekty PS WPR 2023-2027 - Zachodniopomorski O\u015brodek Doradztwa Rolniczego w Barzkowicach","robots":{"index":"index","follow":"follow","max-snippet":"max-snippet:-1","max-image-preview":"max-image-preview:large","max-video-preview":"max-video-preview:-1"},"canonical":"https:\/\/zodr.pl\/zinet\/projekty-ps-wpr-2023-2027-2\/","og_locale":"pl_PL","og_type":"article","og_title":"Projekty PS WPR 2023-2027 - Zachodniopomorski O\u015brodek Doradztwa Rolniczego w Barzkowicach","og_description":"Zachodniopomorski O\u015brodek Doradztwa Rolniczego w Barzkowicach realizuje operacj\u0119 w zakresie \u015bwiadczenia us\u0142ug doradczych z interwencji&nbsp;I.14.2.1 Kompleksowe programy doradcze. Projekt obj\u0119ty&nbsp;Planem Strategicznym dla Wsp\u00f3lnej Polityki Rolnej na lata 2023-2027&nbsp;polega na przekazaniu rolnikom oraz m\u0142odym rolnikom sposob\u00f3w post\u0119powania maj\u0105cych na celu poprawienia wyniku ekonomicznego gospodarstw rolnych, a tak\u017ce zwi\u0119kszenia przyjazno\u015bci tych gospodarstw dla \u015brodowiska oraz ich adaptacji &hellip; Projekty PS WPR 2023-2027 Czytaj wi\u0119cej &raquo;","og_url":"https:\/\/zodr.pl\/zinet\/projekty-ps-wpr-2023-2027-2\/","og_site_name":"Zachodniopomorski O\u015brodek Doradztwa Rolniczego w Barzkowicach","article_publisher":"https:\/\/facebook.com\/zodr.barzkowice\/","article_modified_time":"2025-04-30T13:27:17+00:00","og_image":[{"url":"https:\/\/zodr.pl\/zinet\/wp-content\/uploads\/2025\/02\/Tablica-KDR-www-1-1024x726.png","type":"","width":"","height":""}],"twitter_card":"summary_large_image","twitter_misc":{"Est. reading time":"2 minuty"},"schema":{"@context":"https:\/\/schema.org","@graph":[{"@type":"WebPage","@id":"https:\/\/zodr.pl\/zinet\/projekty-ps-wpr-2023-2027-2\/","url":"https:\/\/zodr.pl\/zinet\/projekty-ps-wpr-2023-2027-2\/","name":"Projekty PS WPR 2023-2027 - Zachodniopomorski O\u015brodek Doradztwa Rolniczego w Barzkowicach","isPartOf":{"@id":"https:\/\/zodr.pl\/zinet\/#website"},"primaryImageOfPage":{"@id":"https:\/\/zodr.pl\/zinet\/projekty-ps-wpr-2023-2027-2\/#primaryimage"},"image":{"@id":"https:\/\/zodr.pl\/zinet\/projekty-ps-wpr-2023-2027-2\/#primaryimage"},"thumbnailUrl":"https:\/\/zodr.pl\/zinet\/wp-content\/uploads\/2025\/02\/Tablica-KDR-www-1-1024x726.png","datePublished":"2025-02-06T10:24:39+00:00","dateModified":"2025-04-30T13:27:17+00:00","breadcrumb":{"@id":"https:\/\/zodr.pl\/zinet\/projekty-ps-wpr-2023-2027-2\/#breadcrumb"},"inLanguage":"pl-PL","potentialAction":[{"@type":"ReadAction","target":["https:\/\/zodr.pl\/zinet\/projekty-ps-wpr-2023-2027-2\/"]}]},{"@type":"ImageObject","inLanguage":"pl-PL","@id":"https:\/\/zodr.pl\/zinet\/projekty-ps-wpr-2023-2027-2\/#primaryimage","url":"https:\/\/zodr.pl\/zinet\/wp-content\/uploads\/2025\/02\/Tablica-KDR-www-1.png","contentUrl":"https:\/\/zodr.pl\/zinet\/wp-content\/uploads\/2025\/02\/Tablica-KDR-www-1.png","width":1200,"height":851},{"@type":"BreadcrumbList","@id":"https:\/\/zodr.pl\/zinet\/projekty-ps-wpr-2023-2027-2\/#breadcrumb","itemListElement":[{"@type":"ListItem","position":1,"name":"Home","item":"https:\/\/zodr.pl\/zinet\/"},{"@type":"ListItem","position":2,"name":"Projekty PS WPR 2023-2027"}]},{"@type":"WebSite","@id":"https:\/\/zodr.pl\/zinet\/#website","url":"https:\/\/zodr.pl\/zinet\/","name":"Zachodniopomorski O\u015brodek Doradztwa Rolniczego w Barzkowicach","description":"Nowoczesne sale na ka\u017cde wydarzenie - konferencje, szkolenia, warsztaty i uroczysto\u015bci","publisher":{"@id":"https:\/\/zodr.pl\/zinet\/#organization"},"potentialAction":[{"@type":"SearchAction","target":{"@type":"EntryPoint","urlTemplate":"https:\/\/zodr.pl\/zinet\/?s={search_term_string}"},"query-input":{"@type":"PropertyValueSpecification","valueRequired":true,"valueName":"search_term_string"}}],"inLanguage":"pl-PL"},{"@type":"Organization","@id":"https:\/\/zodr.pl\/zinet\/#organization","name":"Zachodniopomorski O\u015brodek Doradztwa Rolniczego w Barzkowicach","url":"https:\/\/zodr.pl\/zinet\/","logo":{"@type":"ImageObject","inLanguage":"pl-PL","@id":"https:\/\/zodr.pl\/zinet\/#\/schema\/logo\/image\/","url":"https:\/\/zodr.pl\/zinet\/wp-content\/uploads\/2024\/07\/cropped-logo_zodr.png","contentUrl":"https:\/\/zodr.pl\/zinet\/wp-content\/uploads\/2024\/07\/cropped-logo_zodr.png","width":125,"height":115,"caption":"Zachodniopomorski O\u015brodek Doradztwa Rolniczego w Barzkowicach"},"image":{"@id":"https:\/\/zodr.pl\/zinet\/#\/schema\/logo\/image\/"},"sameAs":["https:\/\/facebook.com\/zodr.barzkowice\/"]}]}},"uagb_featured_image_src":{"full":false,"thumbnail":false,"medium":false,"medium_large":false,"large":false,"1536x1536":false,"2048x2048":false},"uagb_author_info":{"display_name":"Marek Kolanowski","author_link":"https:\/\/zodr.pl\/zinet\/author\/m-kolanowski\/"},"uagb_comment_info":0,"uagb_excerpt":"Zachodniopomorski O\u015brodek Doradztwa Rolniczego w Barzkowicach realizuje operacj\u0119 w zakresie \u015bwiadczenia us\u0142ug doradczych z interwencji&nbsp;I.14.2.1 Kompleksowe programy doradcze. Projekt obj\u0119ty&nbsp;Planem Strategicznym dla Wsp\u00f3lnej Polityki Rolnej na lata 2023-2027&nbsp;polega na przekazaniu rolnikom oraz m\u0142odym rolnikom sposob\u00f3w post\u0119powania maj\u0105cych na celu poprawienia wyniku ekonomicznego gospodarstw rolnych, a tak\u017ce zwi\u0119kszenia przyjazno\u015bci tych gospodarstw dla \u015brodowiska oraz ich adaptacji&hellip;","_links":{"self":[{"href":"https:\/\/zodr.pl\/zinet\/wp-json\/wp\/v2\/pages\/14922","targetHints":{"allow":["GET"]}}],"collection":[{"href":"https:\/\/zodr.pl\/zinet\/wp-json\/wp\/v2\/pages"}],"about":[{"href":"https:\/\/zodr.pl\/zinet\/wp-json\/wp\/v2\/types\/page"}],"author":[{"embeddable":true,"href":"https:\/\/zodr.pl\/zinet\/wp-json\/wp\/v2\/users\/25"}],"replies":[{"embeddable":true,"href":"https:\/\/zodr.pl\/zinet\/wp-json\/wp\/v2\/comments?post=14922"}],"version-history":[{"count":9,"href":"https:\/\/zodr.pl\/zinet\/wp-json\/wp\/v2\/pages\/14922\/revisions"}],"predecessor-version":[{"id":17590,"href":"https:\/\/zodr.pl\/zinet\/wp-json\/wp\/v2\/pages\/14922\/revisions\/17590"}],"wp:attachment":[{"href":"https:\/\/zodr.pl\/zinet\/wp-json\/wp\/v2\/media?parent=14922"}],"curies":[{"name":"wp","href":"https:\/\/api.w.org\/{rel}","templated":true}]}}