{"id":3826,"date":"2023-10-12T14:21:15","date_gmt":"2023-10-12T12:21:15","guid":{"rendered":"https:\/\/zodr.pl\/zinet\/?page_id=3826"},"modified":"2023-10-19T14:28:48","modified_gmt":"2023-10-19T12:28:48","slug":"fotowoltaika","status":"publish","type":"page","link":"https:\/\/zodr.pl\/zinet\/dzial-eos\/fotowoltaika\/","title":{"rendered":"Fotowoltaika"},"content":{"rendered":"\n<div class=\"wp-block-uagb-container uagb-block-74a2df39 alignfull uagb-is-root-container\"><div class=\"uagb-container-inner-blocks-wrap\">\n<div class=\"wp-block-uagb-advanced-heading uagb-block-9af4942e\"><h1 class=\"uagb-heading-text\">Fotowoltaika<\/h1><\/div>\n<\/div><\/div>\n\n\n\n<div class=\"wp-block-uagb-container uagb-block-f950a69a alignfull uagb-is-root-container\"><div class=\"uagb-container-inner-blocks-wrap\">\n<div class=\"wp-block-uagb-container uagb-block-37f4886f\">\n<p>Najwi\u0119kszym \u017ar\u00f3d\u0142em energii, kt\u00f3ra jest dost\u0119pna dla cz\u0142owieka to energia promieniowania s\u0142onecznego. Pozyskanie tej energii nie jest trudne. Wi\u0119kszym wyzwaniem jest jej zmagazynowanie i wykorzystanie we w\u0142a\u015bciwym czasie. Promieniowanie s\u0142oneczne mo\u017ce by\u0107 wykorzystywane w produkcji energii cieplnej i energii elektrycznej.<\/p>\n\n\n\n<p>W produkcji energii cieplnej wykorzystywane s\u0105 kolektory s\u0142oneczne a do wytwarzania energii elektrycznej ogniwa fotowoltaiczne.<\/p>\n\n\n\n<p>Celem fotowoltaiki jest pozyskiwanie i przetwarzanie energii s\u0142onecznej, tak aby przekszta\u0142ci\u0107 j\u0105 w pr\u0105d lub ciep\u0142o. Odbywa si\u0119 to za spraw\u0105 zjawiska fotowoltaicznego, gdy pod wp\u0142ywem promieniowania \u015bwietlnego w sta\u0142ym ciele powstaje si\u0142a elektromotoryczna umo\u017cliwiaj\u0105ca przekszta\u0142cenie energii z promieni s\u0142onecznych w energi\u0119 elektryczn\u0105. Zjawisko fotowoltaiczne wykorzystuje ogniwa fotowoltaiczne. \u0141\u0105czy si\u0119 je w modu\u0142y, kt\u00f3re si\u0119 sk\u0142adaj\u0105 na panel fotowoltaiczny. Panele te montuje si\u0119 na dachu budynku lub u\u017cywaj\u0105c konstrukcji wsporczej na gruncie.<\/p>\n\n\n\n<figure class=\"wp-block-image aligncenter size-full\"><img loading=\"lazy\" decoding=\"async\" width=\"938\" height=\"530\" src=\"https:\/\/zodr.pl\/zinet\/wp-content\/uploads\/2023\/10\/Schemat-instalacji-fotowoltaicznej.jpg\" alt=\"\" class=\"wp-image-4108\" srcset=\"https:\/\/zodr.pl\/zinet\/wp-content\/uploads\/2023\/10\/Schemat-instalacji-fotowoltaicznej.jpg 938w, https:\/\/zodr.pl\/zinet\/wp-content\/uploads\/2023\/10\/Schemat-instalacji-fotowoltaicznej-300x170.jpg 300w, https:\/\/zodr.pl\/zinet\/wp-content\/uploads\/2023\/10\/Schemat-instalacji-fotowoltaicznej-768x434.jpg 768w\" sizes=\"auto, (max-width: 938px) 100vw, 938px\" \/><\/figure>\n\n\n\n<p>Rys. Schemat instalacji fotowoltaicznej (\u017ar\u00f3d\u0142o: https:\/\/energoklima.eu\/blog\/jak-dziala-fotowoltaika)<\/p>\n\n\n\n<p>Instalacja fotowoltaiczna w gospodarstwach rolnych mo\u017ce znacz\u0105co obni\u017cy\u0107 rachunki za pr\u0105d. Dodatkowo inwestuj\u0105c w magazyny energii, gospodarstwo rolne staje si\u0119 ca\u0142kowicie niezale\u017cne od dostawc\u00f3w energii elektrycznej, co w d\u0142u\u017cszym czasie generuje kolejne oszcz\u0119dno\u015bci. Cena za energi\u0119 elektryczn\u0105, kt\u00f3ra jest e chwili obecnej trudna do przewidzenia to istotne ryzyko dla ka\u017cdego rolnika, niezale\u017cnie od wielko\u015bci prowadzonego przez niego gospodarstwa.<\/p>\n\n\n\n<p>Nawet cz\u0119\u015bciowe uniezale\u017cnienie si\u0119 rolnika od dostawc\u00f3w&nbsp; energii elektrycznej mo\u017ce znacz\u0105co wp\u0142yn\u0105\u0107 na op\u0142acalno\u015b\u0107 produkcji i poprawie warunk\u00f3w gospodarowania. Dodatkowo przemawia za tym fakt, \u017ce w gospodarstwach rolnych ro\u015bnie poziom automatyzacji produkcji i wykorzystania coraz wi\u0119kszej liczby maszyn i urz\u0105dze\u0144 zasilanych energi\u0105 elektryczn\u0105.<\/p>\n\n\n\n<p>Instalacja fotowoltaiczna nie wymaga \u017cadnych wi\u0119kszych przer\u00f3bek w gospodarstwie. Dla rolnik\u00f3w mo\u017ce to by\u0107 inwestycja, kt\u00f3ra z roku na rok b\u0119dzie si\u0119 zwraca\u0107, wykorzystuj\u0105c dach lub troch\u0119 gruntu.<\/p>\n\n\n\n<p>Wi\u0119cej o wsparciu finansowym do instalacji fotowoltaicznych i innych produkcji energii ze \u017ar\u00f3de\u0142 odnawialnych w sektorze rolniczym dost\u0119pne s\u0105 na stronach internetowych:<\/p>\n\n\n\n<ul class=\"wp-block-list\">\n<li><strong><a href=\"https:\/\/www.gov.pl\/web\/nfosigw\/agroenergia-2021\">https:\/\/www.gov.pl\/web\/nfosigw\/agroenergia-2021<\/a><\/strong><\/li>\n\n\n\n<li><strong><a href=\"https:\/\/www.gov.pl\/web\/arimr\/poddzialanie-413-modernizacja-gospodarstw-rolnych--w-obszarze-zielona-energia-w-gospodarstwie\">https:\/\/www.gov.pl\/web\/arimr\/poddzialanie-413-modernizacja-gospodarstw-rolnych&#8211;w-obszarze-zielona-energia-w-gospodarstwie<\/a><\/strong><\/li>\n<\/ul>\n\n\n\n<p>Atrakcyjne dofinansowanie na inwestycje w instalacje fotowoltaiczne na gospodarstwach rolnych na terenie wojew\u00f3dztwa zachodniopomorskiego daje r\u00f3wnie\u017c Wojew\u00f3dzki Fundusz Ochrony \u015arodowiska i Gospodarki Wodnej w Szczecinie w ramach Programu Agroenergia. Szczeg\u00f3\u0142y dotycz\u0105ce mo\u017cliwej do uzyskania dotacji oraz wymaganych dokument\u00f3w dost\u0119pne s\u0105 pod adresem: https:\/\/wfos.szczecin.pl\/programy\/agroenergia.<\/p>\n\n\n\n<p>Opracowano na podstawie:<\/p>\n\n\n\n<ol class=\"wp-block-list\" type=\"1\">\n<li>Ginalski Z., \u201eOdnawialne \u017ar\u00f3d\u0142a energii w gospodarstwach rolnych\u201d, 2013<\/li>\n\n\n\n<li>https:\/\/www.ekoradcy.pl\/blog\/jak-dziala-panel-fotowoltaiczny<\/li>\n\n\n\n<li>https:\/\/mdotacje.pl\/fotowoltaika-dla-gospodarstw-rolnych-2022\/<\/li>\n<\/ol>\n\n\n\n<p class=\"has-text-align-right\">Izabela Grzana<\/p>\n<\/div>\n<\/div><\/div>\n","protected":false},"excerpt":{"rendered":"<p>Fotowoltaika Najwi\u0119kszym \u017ar\u00f3d\u0142em energii, kt\u00f3ra jest dost\u0119pna dla cz\u0142owieka to energia promieniowania s\u0142onecznego. Pozyskanie tej energii nie jest trudne. Wi\u0119kszym wyzwaniem jest jej zmagazynowanie i wykorzystanie we w\u0142a\u015bciwym czasie. Promieniowanie s\u0142oneczne mo\u017ce by\u0107 wykorzystywane w produkcji energii cieplnej i energii elektrycznej. W produkcji energii cieplnej wykorzystywane s\u0105 kolektory s\u0142oneczne a do wytwarzania energii elektrycznej ogniwa &hellip;<\/p>\n<p class=\"read-more\"> <a class=\"\" href=\"https:\/\/zodr.pl\/zinet\/dzial-eos\/fotowoltaika\/\"> <span class=\"screen-reader-text\">Fotowoltaika<\/span> Czytaj wi\u0119cej &raquo;<\/a><\/p>\n","protected":false},"author":23,"featured_media":0,"parent":2585,"menu_order":0,"comment_status":"closed","ping_status":"closed","template":"","meta":{"_eb_attr":"","_uag_custom_page_level_css":"","site-sidebar-layout":"default","site-content-layout":"","ast-site-content-layout":"full-width-container","site-content-style":"default","site-sidebar-style":"default","ast-global-header-display":"","ast-banner-title-visibility":"disabled","ast-main-header-display":"","ast-hfb-above-header-display":"","ast-hfb-below-header-display":"","ast-hfb-mobile-header-display":"","site-post-title":"","ast-breadcrumbs-content":"","ast-featured-img":"","footer-sml-layout":"","theme-transparent-header-meta":"","adv-header-id-meta":"","stick-header-meta":"","header-above-stick-meta":"","header-main-stick-meta":"","header-below-stick-meta":"","astra-migrate-meta-layouts":"set","_mc_calendar":[],"footnotes":""},"class_list":["post-3826","page","type-page","status-publish","hentry"],"yoast_head":"<!-- This site is optimized with the Yoast SEO plugin v25.7 - https:\/\/yoast.com\/wordpress\/plugins\/seo\/ -->\n<title>Fotowoltaika - Zachodniopomorski O\u015brodek Doradztwa Rolniczego w Barzkowicach<\/title>\n<meta name=\"robots\" content=\"index, follow, max-snippet:-1, max-image-preview:large, max-video-preview:-1\" \/>\n<link rel=\"canonical\" href=\"https:\/\/zodr.pl\/zinet\/dzial-eos\/fotowoltaika\/\" \/>\n<meta property=\"og:locale\" content=\"pl_PL\" \/>\n<meta property=\"og:type\" content=\"article\" \/>\n<meta property=\"og:title\" content=\"Fotowoltaika - Zachodniopomorski O\u015brodek Doradztwa Rolniczego w Barzkowicach\" \/>\n<meta property=\"og:description\" content=\"Fotowoltaika Najwi\u0119kszym \u017ar\u00f3d\u0142em energii, kt\u00f3ra jest dost\u0119pna dla cz\u0142owieka to energia promieniowania s\u0142onecznego. Pozyskanie tej energii nie jest trudne. Wi\u0119kszym wyzwaniem jest jej zmagazynowanie i wykorzystanie we w\u0142a\u015bciwym czasie. Promieniowanie s\u0142oneczne mo\u017ce by\u0107 wykorzystywane w produkcji energii cieplnej i energii elektrycznej. W produkcji energii cieplnej wykorzystywane s\u0105 kolektory s\u0142oneczne a do wytwarzania energii elektrycznej ogniwa &hellip; Fotowoltaika Czytaj wi\u0119cej &raquo;\" \/>\n<meta property=\"og:url\" content=\"https:\/\/zodr.pl\/zinet\/dzial-eos\/fotowoltaika\/\" \/>\n<meta property=\"og:site_name\" content=\"Zachodniopomorski O\u015brodek Doradztwa Rolniczego w Barzkowicach\" \/>\n<meta property=\"article:publisher\" content=\"https:\/\/facebook.com\/zodr.barzkowice\/\" \/>\n<meta property=\"article:modified_time\" content=\"2023-10-19T12:28:48+00:00\" \/>\n<meta property=\"og:image\" content=\"https:\/\/zodr.pl\/zinet\/wp-content\/uploads\/2023\/10\/Schemat-instalacji-fotowoltaicznej.jpg\" \/>\n\t<meta property=\"og:image:width\" content=\"938\" \/>\n\t<meta property=\"og:image:height\" content=\"530\" \/>\n\t<meta property=\"og:image:type\" content=\"image\/jpeg\" \/>\n<meta name=\"twitter:card\" content=\"summary_large_image\" \/>\n<meta name=\"twitter:label1\" content=\"Est. reading time\" \/>\n\t<meta name=\"twitter:data1\" content=\"2 minuty\" \/>\n<script type=\"application\/ld+json\" class=\"yoast-schema-graph\">{\"@context\":\"https:\/\/schema.org\",\"@graph\":[{\"@type\":\"WebPage\",\"@id\":\"https:\/\/zodr.pl\/zinet\/dzial-eos\/fotowoltaika\/\",\"url\":\"https:\/\/zodr.pl\/zinet\/dzial-eos\/fotowoltaika\/\",\"name\":\"Fotowoltaika - Zachodniopomorski O\u015brodek Doradztwa Rolniczego w Barzkowicach\",\"isPartOf\":{\"@id\":\"https:\/\/zodr.pl\/zinet\/#website\"},\"primaryImageOfPage\":{\"@id\":\"https:\/\/zodr.pl\/zinet\/dzial-eos\/fotowoltaika\/#primaryimage\"},\"image\":{\"@id\":\"https:\/\/zodr.pl\/zinet\/dzial-eos\/fotowoltaika\/#primaryimage\"},\"thumbnailUrl\":\"https:\/\/zodr.pl\/zinet\/wp-content\/uploads\/2023\/10\/Schemat-instalacji-fotowoltaicznej.jpg\",\"datePublished\":\"2023-10-12T12:21:15+00:00\",\"dateModified\":\"2023-10-19T12:28:48+00:00\",\"breadcrumb\":{\"@id\":\"https:\/\/zodr.pl\/zinet\/dzial-eos\/fotowoltaika\/#breadcrumb\"},\"inLanguage\":\"pl-PL\",\"potentialAction\":[{\"@type\":\"ReadAction\",\"target\":[\"https:\/\/zodr.pl\/zinet\/dzial-eos\/fotowoltaika\/\"]}]},{\"@type\":\"ImageObject\",\"inLanguage\":\"pl-PL\",\"@id\":\"https:\/\/zodr.pl\/zinet\/dzial-eos\/fotowoltaika\/#primaryimage\",\"url\":\"https:\/\/zodr.pl\/zinet\/wp-content\/uploads\/2023\/10\/Schemat-instalacji-fotowoltaicznej.jpg\",\"contentUrl\":\"https:\/\/zodr.pl\/zinet\/wp-content\/uploads\/2023\/10\/Schemat-instalacji-fotowoltaicznej.jpg\",\"width\":938,\"height\":530},{\"@type\":\"BreadcrumbList\",\"@id\":\"https:\/\/zodr.pl\/zinet\/dzial-eos\/fotowoltaika\/#breadcrumb\",\"itemListElement\":[{\"@type\":\"ListItem\",\"position\":1,\"name\":\"Home\",\"item\":\"https:\/\/zodr.pl\/zinet\/\"},{\"@type\":\"ListItem\",\"position\":2,\"name\":\"Dzia\u0142 EO\u015a\",\"item\":\"https:\/\/zodr.pl\/zinet\/dzial-eos\/\"},{\"@type\":\"ListItem\",\"position\":3,\"name\":\"Fotowoltaika\"}]},{\"@type\":\"WebSite\",\"@id\":\"https:\/\/zodr.pl\/zinet\/#website\",\"url\":\"https:\/\/zodr.pl\/zinet\/\",\"name\":\"Zachodniopomorski O\u015brodek Doradztwa Rolniczego w Barzkowicach\",\"description\":\"Nowoczesne sale na ka\u017cde wydarzenie - konferencje, szkolenia, warsztaty i uroczysto\u015bci\",\"publisher\":{\"@id\":\"https:\/\/zodr.pl\/zinet\/#organization\"},\"potentialAction\":[{\"@type\":\"SearchAction\",\"target\":{\"@type\":\"EntryPoint\",\"urlTemplate\":\"https:\/\/zodr.pl\/zinet\/?s={search_term_string}\"},\"query-input\":{\"@type\":\"PropertyValueSpecification\",\"valueRequired\":true,\"valueName\":\"search_term_string\"}}],\"inLanguage\":\"pl-PL\"},{\"@type\":\"Organization\",\"@id\":\"https:\/\/zodr.pl\/zinet\/#organization\",\"name\":\"Zachodniopomorski O\u015brodek Doradztwa Rolniczego w Barzkowicach\",\"url\":\"https:\/\/zodr.pl\/zinet\/\",\"logo\":{\"@type\":\"ImageObject\",\"inLanguage\":\"pl-PL\",\"@id\":\"https:\/\/zodr.pl\/zinet\/#\/schema\/logo\/image\/\",\"url\":\"https:\/\/zodr.pl\/zinet\/wp-content\/uploads\/2024\/07\/cropped-logo_zodr.png\",\"contentUrl\":\"https:\/\/zodr.pl\/zinet\/wp-content\/uploads\/2024\/07\/cropped-logo_zodr.png\",\"width\":125,\"height\":115,\"caption\":\"Zachodniopomorski O\u015brodek Doradztwa Rolniczego w Barzkowicach\"},\"image\":{\"@id\":\"https:\/\/zodr.pl\/zinet\/#\/schema\/logo\/image\/\"},\"sameAs\":[\"https:\/\/facebook.com\/zodr.barzkowice\/\"]}]}<\/script>\n<!-- \/ Yoast SEO plugin. -->","yoast_head_json":{"title":"Fotowoltaika - Zachodniopomorski O\u015brodek Doradztwa Rolniczego w Barzkowicach","robots":{"index":"index","follow":"follow","max-snippet":"max-snippet:-1","max-image-preview":"max-image-preview:large","max-video-preview":"max-video-preview:-1"},"canonical":"https:\/\/zodr.pl\/zinet\/dzial-eos\/fotowoltaika\/","og_locale":"pl_PL","og_type":"article","og_title":"Fotowoltaika - Zachodniopomorski O\u015brodek Doradztwa Rolniczego w Barzkowicach","og_description":"Fotowoltaika Najwi\u0119kszym \u017ar\u00f3d\u0142em energii, kt\u00f3ra jest dost\u0119pna dla cz\u0142owieka to energia promieniowania s\u0142onecznego. Pozyskanie tej energii nie jest trudne. Wi\u0119kszym wyzwaniem jest jej zmagazynowanie i wykorzystanie we w\u0142a\u015bciwym czasie. Promieniowanie s\u0142oneczne mo\u017ce by\u0107 wykorzystywane w produkcji energii cieplnej i energii elektrycznej. W produkcji energii cieplnej wykorzystywane s\u0105 kolektory s\u0142oneczne a do wytwarzania energii elektrycznej ogniwa &hellip; Fotowoltaika Czytaj wi\u0119cej &raquo;","og_url":"https:\/\/zodr.pl\/zinet\/dzial-eos\/fotowoltaika\/","og_site_name":"Zachodniopomorski O\u015brodek Doradztwa Rolniczego w Barzkowicach","article_publisher":"https:\/\/facebook.com\/zodr.barzkowice\/","article_modified_time":"2023-10-19T12:28:48+00:00","og_image":[{"width":938,"height":530,"url":"https:\/\/zodr.pl\/zinet\/wp-content\/uploads\/2023\/10\/Schemat-instalacji-fotowoltaicznej.jpg","type":"image\/jpeg"}],"twitter_card":"summary_large_image","twitter_misc":{"Est. reading time":"2 minuty"},"schema":{"@context":"https:\/\/schema.org","@graph":[{"@type":"WebPage","@id":"https:\/\/zodr.pl\/zinet\/dzial-eos\/fotowoltaika\/","url":"https:\/\/zodr.pl\/zinet\/dzial-eos\/fotowoltaika\/","name":"Fotowoltaika - Zachodniopomorski O\u015brodek Doradztwa Rolniczego w Barzkowicach","isPartOf":{"@id":"https:\/\/zodr.pl\/zinet\/#website"},"primaryImageOfPage":{"@id":"https:\/\/zodr.pl\/zinet\/dzial-eos\/fotowoltaika\/#primaryimage"},"image":{"@id":"https:\/\/zodr.pl\/zinet\/dzial-eos\/fotowoltaika\/#primaryimage"},"thumbnailUrl":"https:\/\/zodr.pl\/zinet\/wp-content\/uploads\/2023\/10\/Schemat-instalacji-fotowoltaicznej.jpg","datePublished":"2023-10-12T12:21:15+00:00","dateModified":"2023-10-19T12:28:48+00:00","breadcrumb":{"@id":"https:\/\/zodr.pl\/zinet\/dzial-eos\/fotowoltaika\/#breadcrumb"},"inLanguage":"pl-PL","potentialAction":[{"@type":"ReadAction","target":["https:\/\/zodr.pl\/zinet\/dzial-eos\/fotowoltaika\/"]}]},{"@type":"ImageObject","inLanguage":"pl-PL","@id":"https:\/\/zodr.pl\/zinet\/dzial-eos\/fotowoltaika\/#primaryimage","url":"https:\/\/zodr.pl\/zinet\/wp-content\/uploads\/2023\/10\/Schemat-instalacji-fotowoltaicznej.jpg","contentUrl":"https:\/\/zodr.pl\/zinet\/wp-content\/uploads\/2023\/10\/Schemat-instalacji-fotowoltaicznej.jpg","width":938,"height":530},{"@type":"BreadcrumbList","@id":"https:\/\/zodr.pl\/zinet\/dzial-eos\/fotowoltaika\/#breadcrumb","itemListElement":[{"@type":"ListItem","position":1,"name":"Home","item":"https:\/\/zodr.pl\/zinet\/"},{"@type":"ListItem","position":2,"name":"Dzia\u0142 EO\u015a","item":"https:\/\/zodr.pl\/zinet\/dzial-eos\/"},{"@type":"ListItem","position":3,"name":"Fotowoltaika"}]},{"@type":"WebSite","@id":"https:\/\/zodr.pl\/zinet\/#website","url":"https:\/\/zodr.pl\/zinet\/","name":"Zachodniopomorski O\u015brodek Doradztwa Rolniczego w Barzkowicach","description":"Nowoczesne sale na ka\u017cde wydarzenie - konferencje, szkolenia, warsztaty i uroczysto\u015bci","publisher":{"@id":"https:\/\/zodr.pl\/zinet\/#organization"},"potentialAction":[{"@type":"SearchAction","target":{"@type":"EntryPoint","urlTemplate":"https:\/\/zodr.pl\/zinet\/?s={search_term_string}"},"query-input":{"@type":"PropertyValueSpecification","valueRequired":true,"valueName":"search_term_string"}}],"inLanguage":"pl-PL"},{"@type":"Organization","@id":"https:\/\/zodr.pl\/zinet\/#organization","name":"Zachodniopomorski O\u015brodek Doradztwa Rolniczego w Barzkowicach","url":"https:\/\/zodr.pl\/zinet\/","logo":{"@type":"ImageObject","inLanguage":"pl-PL","@id":"https:\/\/zodr.pl\/zinet\/#\/schema\/logo\/image\/","url":"https:\/\/zodr.pl\/zinet\/wp-content\/uploads\/2024\/07\/cropped-logo_zodr.png","contentUrl":"https:\/\/zodr.pl\/zinet\/wp-content\/uploads\/2024\/07\/cropped-logo_zodr.png","width":125,"height":115,"caption":"Zachodniopomorski O\u015brodek Doradztwa Rolniczego w Barzkowicach"},"image":{"@id":"https:\/\/zodr.pl\/zinet\/#\/schema\/logo\/image\/"},"sameAs":["https:\/\/facebook.com\/zodr.barzkowice\/"]}]}},"uagb_featured_image_src":{"full":false,"thumbnail":false,"medium":false,"medium_large":false,"large":false,"1536x1536":false,"2048x2048":false},"uagb_author_info":{"display_name":"r.ruducha","author_link":"https:\/\/zodr.pl\/zinet\/author\/r-ruducha\/"},"uagb_comment_info":0,"uagb_excerpt":"Fotowoltaika Najwi\u0119kszym \u017ar\u00f3d\u0142em energii, kt\u00f3ra jest dost\u0119pna dla cz\u0142owieka to energia promieniowania s\u0142onecznego. Pozyskanie tej energii nie jest trudne. Wi\u0119kszym wyzwaniem jest jej zmagazynowanie i wykorzystanie we w\u0142a\u015bciwym czasie. Promieniowanie s\u0142oneczne mo\u017ce by\u0107 wykorzystywane w produkcji energii cieplnej i energii elektrycznej. W produkcji energii cieplnej wykorzystywane s\u0105 kolektory s\u0142oneczne a do wytwarzania energii elektrycznej ogniwa&hellip;","_links":{"self":[{"href":"https:\/\/zodr.pl\/zinet\/wp-json\/wp\/v2\/pages\/3826","targetHints":{"allow":["GET"]}}],"collection":[{"href":"https:\/\/zodr.pl\/zinet\/wp-json\/wp\/v2\/pages"}],"about":[{"href":"https:\/\/zodr.pl\/zinet\/wp-json\/wp\/v2\/types\/page"}],"author":[{"embeddable":true,"href":"https:\/\/zodr.pl\/zinet\/wp-json\/wp\/v2\/users\/23"}],"replies":[{"embeddable":true,"href":"https:\/\/zodr.pl\/zinet\/wp-json\/wp\/v2\/comments?post=3826"}],"version-history":[{"count":3,"href":"https:\/\/zodr.pl\/zinet\/wp-json\/wp\/v2\/pages\/3826\/revisions"}],"predecessor-version":[{"id":4240,"href":"https:\/\/zodr.pl\/zinet\/wp-json\/wp\/v2\/pages\/3826\/revisions\/4240"}],"up":[{"embeddable":true,"href":"https:\/\/zodr.pl\/zinet\/wp-json\/wp\/v2\/pages\/2585"}],"wp:attachment":[{"href":"https:\/\/zodr.pl\/zinet\/wp-json\/wp\/v2\/media?parent=3826"}],"curies":[{"name":"wp","href":"https:\/\/api.w.org\/{rel}","templated":true}]}}