{"id":4751,"date":"2023-11-20T09:49:54","date_gmt":"2023-11-20T08:49:54","guid":{"rendered":"https:\/\/zodr.pl\/zinet\/?page_id=4751"},"modified":"2025-09-09T12:07:14","modified_gmt":"2025-09-09T10:07:14","slug":"dokumenty","status":"publish","type":"page","link":"https:\/\/zodr.pl\/zinet\/dokumenty\/","title":{"rendered":"Dokumenty"},"content":{"rendered":"\n<div class=\"wp-block-uagb-container _naglowek uagb-block-74a2df39 alignfull uagb-is-root-container\"><div class=\"uagb-container-inner-blocks-wrap\">\n<div class=\"wp-block-uagb-advanced-heading uagb-block-9af4942e\"><h1 class=\"uagb-heading-text\"><strong>Dokumenty<\/strong><\/h1><\/div>\n<\/div><\/div>\n\n\n\n<div class=\"wp-block-uagb-container uagb-block-d399b6c7 alignfull uagb-is-root-container\"><div class=\"uagb-container-inner-blocks-wrap\">\n<div style=\"height:100px\" aria-hidden=\"true\" class=\"wp-block-spacer\"><\/div>\n\n\n\n<figure class=\"wp-block-image aligncenter size-large is-resized\"><img loading=\"lazy\" decoding=\"async\" width=\"1024\" height=\"199\" src=\"https:\/\/zodr.pl\/zinet\/wp-content\/uploads\/2023\/11\/logo-SIR-1024x199.jpg\" alt=\"\" class=\"wp-image-5091\" style=\"aspect-ratio:5.1457286432160805;width:1200px;height:auto\" srcset=\"https:\/\/zodr.pl\/zinet\/wp-content\/uploads\/2023\/11\/logo-SIR-1024x199.jpg 1024w, https:\/\/zodr.pl\/zinet\/wp-content\/uploads\/2023\/11\/logo-SIR-300x58.jpg 300w, https:\/\/zodr.pl\/zinet\/wp-content\/uploads\/2023\/11\/logo-SIR-768x149.jpg 768w, https:\/\/zodr.pl\/zinet\/wp-content\/uploads\/2023\/11\/logo-SIR.jpg 1404w\" sizes=\"auto, (max-width: 1024px) 100vw, 1024px\" \/><\/figure>\n\n\n\n<div style=\"height:41px\" aria-hidden=\"true\" class=\"wp-block-spacer\"><\/div>\n\n\n\n<p><strong><mark style=\"background-color:rgba(0, 0, 0, 0)\" class=\"has-inline-color has-ast-global-color-1-color\">Pliki do pobrania<\/mark><\/strong><\/p>\n\n\n\n<div style=\"height:22px\" aria-hidden=\"true\" class=\"wp-block-spacer\"><\/div>\n\n\n\n<div class=\"wp-block-file aligncenter\"><a id=\"wp-block-file--media-0e126ad8-38e6-42bb-9de0-284f6bef4f74\" href=\"https:\/\/zodr.pl\/zinet\/wp-content\/uploads\/2023\/11\/REGULAMIN-PARTNERSTWA-2022.pdf\"><h5>REGULAMIN PARTNERSTWA <\/h5><\/a><a href=\"https:\/\/zodr.pl\/zinet\/wp-content\/uploads\/2023\/11\/REGULAMIN-PARTNERSTWA-2022.pdf\" class=\"wp-block-file__button wp-element-button\" download aria-describedby=\"wp-block-file--media-0e126ad8-38e6-42bb-9de0-284f6bef4f74\">Pobierz<\/a><\/div>\n\n\n\n<div class=\"wp-block-file aligncenter\"><a id=\"wp-block-file--media-0e126ad8-38e6-42bb-9de0-284f6bef4f74\" href=\"https:\/\/zodr.pl\/zinet\/wp-content\/uploads\/2023\/11\/DEKLARACJA-CZLONKOSTWA-PODMIOTU-W-RAMACH-LPW.pdf\"><h5>DEKLARACJA CZLONKOSTWA PODMIOTU W RAMACH LPW<\/h5><\/a><a href=\"https:\/\/zodr.pl\/zinet\/wp-content\/uploads\/2023\/11\/DEKLARACJA-CZLONKOSTWA-PODMIOTU-W-RAMACH-LPW.pdf\" class=\"wp-block-file__button wp-element-button\" download aria-describedby=\"wp-block-file--media-0e126ad8-38e6-42bb-9de0-284f6bef4f74\">Pobierz<\/a><\/div>\n\n\n\n<div class=\"wp-block-file aligncenter\"><a id=\"wp-block-file--media-0e126ad8-38e6-42bb-9de0-284f6bef4f74\" href=\"https:\/\/zodr.pl\/zinet\/wp-content\/uploads\/2023\/11\/UPOWAZNIENIE-DO-REPREZENTACJI-W-RAMACH-LPW.pdf\"><h5>UPOWAZNIENIE DO REPREZENTACJI W RAMACH LPW<\/h5><\/a><a href=\"https:\/\/zodr.pl\/zinet\/wp-content\/uploads\/2023\/11\/UPOWAZNIENIE-DO-REPREZENTACJI-W-RAMACH-LPW.pdf\" class=\"wp-block-file__button wp-element-button\" download aria-describedby=\"wp-block-file--media-0e126ad8-38e6-42bb-9de0-284f6bef4f74\">Pobierz<\/a><\/div>\n\n\n\n<div class=\"wp-block-file aligncenter\"><a id=\"wp-block-file--media-0e126ad8-38e6-42bb-9de0-284f6bef4f74\" href=\"https:\/\/zodr.pl\/zinet\/wp-content\/uploads\/2023\/11\/UPOWAZNIENIE-DO-REPREZENTACJI-W-RAMACH-LPW.pdf\"><h5>UPOWAZNIENIE DO REPREZENTACJI W RAMACH LPW<\/h5><\/a><a href=\"https:\/\/zodr.pl\/zinet\/wp-content\/uploads\/2023\/11\/UPOWAZNIENIE-DO-REPREZENTACJI-W-RAMACH-LPW.pdf\" class=\"wp-block-file__button wp-element-button\" download aria-describedby=\"wp-block-file--media-0e126ad8-38e6-42bb-9de0-284f6bef4f74\">Pobierz<\/a><\/div>\n\n\n\n<div class=\"wp-block-file\"><a id=\"wp-block-file--media-0e126ad8-38e6-42bb-9de0-284f6bef4f74\" href=\"https:\/\/zodr.pl\/zinet\/wp-content\/uploads\/2023\/11\/DEKLARACJA-CZLONKOSTWA-OSOBY-FIZYCZNEJ-W-RAMACH-LPW.pdf\"><h5>DEKLARACJA CZLONKOSTWA  OSOBY FIZYCZNEJ W RAMACH LPW<\/h5><\/a><a href=\"https:\/\/zodr.pl\/zinet\/wp-content\/uploads\/2023\/11\/DEKLARACJA-CZLONKOSTWA-OSOBY-FIZYCZNEJ-W-RAMACH-LPW.pdf\" class=\"wp-block-file__button wp-element-button\" download aria-describedby=\"wp-block-file--media-0e126ad8-38e6-42bb-9de0-284f6bef4f74\">Pobierz<\/a><\/div>\n\n\n\n<div class=\"wp-block-file\"><a id=\"wp-block-file--media-0e126ad8-38e6-42bb-9de0-284f6bef4f74\" href=\"https:\/\/zodr.pl\/zinet\/wp-content\/uploads\/2023\/11\/plan_rozwoju_2022_2030.pdf\"><h5>PLAN ROZWOJU GOSPODARKI WOD\u0104 NA LATA 2022_2030<\/h5><\/a><a href=\"https:\/\/zodr.pl\/zinet\/wp-content\/uploads\/2023\/11\/plan_rozwoju_2022_2030.pdf\" class=\"wp-block-file__button wp-element-button\" download aria-describedby=\"wp-block-file--media-0e126ad8-38e6-42bb-9de0-284f6bef4f74\">Pobierz<\/a><\/div>\n\n\n\n<div class=\"wp-block-file aligncenter\"><a id=\"wp-block-file--media-467478ca-17ba-4b60-a369-6b4c27327af2\" href=\"https:\/\/zodr.pl\/zinet\/wp-content\/uploads\/2025\/09\/Ankieta_Plany-rozwoju-gospodarki-woda_ologowanie-1.pdf\"><h5>ANKIETA DOTYCZ\u0104CA PLAN\u00d3W ROZWOJU GOSPODARKI WOD\u0104 <\/h5><\/a><a href=\"https:\/\/zodr.pl\/zinet\/wp-content\/uploads\/2025\/09\/Ankieta_Plany-rozwoju-gospodarki-woda_ologowanie-1.pdf\" class=\"wp-block-file__button wp-element-button\" download aria-describedby=\"wp-block-file--media-467478ca-17ba-4b60-a369-6b4c27327af2\">Pobierz<\/a><\/div>\n<\/div><\/div>\n","protected":false},"excerpt":{"rendered":"<p>Dokumenty Pliki do pobrania<\/p>\n","protected":false},"author":23,"featured_media":0,"parent":0,"menu_order":0,"comment_status":"closed","ping_status":"closed","template":"","meta":{"_eb_attr":"","_uag_custom_page_level_css":"","site-sidebar-layout":"default","site-content-layout":"","ast-site-content-layout":"default","site-content-style":"default","site-sidebar-style":"default","ast-global-header-display":"","ast-banner-title-visibility":"","ast-main-header-display":"","ast-hfb-above-header-display":"","ast-hfb-below-header-display":"","ast-hfb-mobile-header-display":"","site-post-title":"","ast-breadcrumbs-content":"","ast-featured-img":"","footer-sml-layout":"","theme-transparent-header-meta":"","adv-header-id-meta":"","stick-header-meta":"","header-above-stick-meta":"","header-main-stick-meta":"","header-below-stick-meta":"","astra-migrate-meta-layouts":"set","_mc_calendar":[],"footnotes":""},"class_list":["post-4751","page","type-page","status-publish","hentry"],"yoast_head":"<!-- This site is optimized with the Yoast SEO plugin v25.7 - https:\/\/yoast.com\/wordpress\/plugins\/seo\/ -->\n<title>Dokumenty - Zachodniopomorski O\u015brodek Doradztwa Rolniczego w Barzkowicach<\/title>\n<meta name=\"robots\" content=\"index, follow, max-snippet:-1, max-image-preview:large, max-video-preview:-1\" \/>\n<link rel=\"canonical\" href=\"https:\/\/zodr.pl\/zinet\/dokumenty\/\" \/>\n<meta property=\"og:locale\" content=\"pl_PL\" \/>\n<meta property=\"og:type\" content=\"article\" \/>\n<meta property=\"og:title\" content=\"Dokumenty - Zachodniopomorski O\u015brodek Doradztwa Rolniczego w Barzkowicach\" \/>\n<meta property=\"og:description\" content=\"Dokumenty Pliki do pobrania\" \/>\n<meta property=\"og:url\" content=\"https:\/\/zodr.pl\/zinet\/dokumenty\/\" \/>\n<meta property=\"og:site_name\" content=\"Zachodniopomorski O\u015brodek Doradztwa Rolniczego w Barzkowicach\" \/>\n<meta property=\"article:publisher\" content=\"https:\/\/facebook.com\/zodr.barzkowice\/\" \/>\n<meta property=\"article:modified_time\" content=\"2025-09-09T10:07:14+00:00\" \/>\n<meta property=\"og:image\" content=\"https:\/\/zodr.pl\/zinet\/wp-content\/uploads\/2023\/11\/logo-SIR.jpg\" \/>\n\t<meta property=\"og:image:width\" content=\"1404\" \/>\n\t<meta property=\"og:image:height\" content=\"273\" \/>\n\t<meta property=\"og:image:type\" content=\"image\/jpeg\" \/>\n<meta name=\"twitter:card\" content=\"summary_large_image\" \/>\n<meta name=\"twitter:label1\" content=\"Est. reading time\" \/>\n\t<meta name=\"twitter:data1\" content=\"1 minuta\" \/>\n<script type=\"application\/ld+json\" class=\"yoast-schema-graph\">{\"@context\":\"https:\/\/schema.org\",\"@graph\":[{\"@type\":\"WebPage\",\"@id\":\"https:\/\/zodr.pl\/zinet\/dokumenty\/\",\"url\":\"https:\/\/zodr.pl\/zinet\/dokumenty\/\",\"name\":\"Dokumenty - Zachodniopomorski O\u015brodek Doradztwa Rolniczego w Barzkowicach\",\"isPartOf\":{\"@id\":\"https:\/\/zodr.pl\/zinet\/#website\"},\"primaryImageOfPage\":{\"@id\":\"https:\/\/zodr.pl\/zinet\/dokumenty\/#primaryimage\"},\"image\":{\"@id\":\"https:\/\/zodr.pl\/zinet\/dokumenty\/#primaryimage\"},\"thumbnailUrl\":\"https:\/\/zodr.pl\/zinet\/wp-content\/uploads\/2023\/11\/logo-SIR-1024x199.jpg\",\"datePublished\":\"2023-11-20T08:49:54+00:00\",\"dateModified\":\"2025-09-09T10:07:14+00:00\",\"breadcrumb\":{\"@id\":\"https:\/\/zodr.pl\/zinet\/dokumenty\/#breadcrumb\"},\"inLanguage\":\"pl-PL\",\"potentialAction\":[{\"@type\":\"ReadAction\",\"target\":[\"https:\/\/zodr.pl\/zinet\/dokumenty\/\"]}]},{\"@type\":\"ImageObject\",\"inLanguage\":\"pl-PL\",\"@id\":\"https:\/\/zodr.pl\/zinet\/dokumenty\/#primaryimage\",\"url\":\"https:\/\/zodr.pl\/zinet\/wp-content\/uploads\/2023\/11\/logo-SIR.jpg\",\"contentUrl\":\"https:\/\/zodr.pl\/zinet\/wp-content\/uploads\/2023\/11\/logo-SIR.jpg\",\"width\":1404,\"height\":273},{\"@type\":\"BreadcrumbList\",\"@id\":\"https:\/\/zodr.pl\/zinet\/dokumenty\/#breadcrumb\",\"itemListElement\":[{\"@type\":\"ListItem\",\"position\":1,\"name\":\"Home\",\"item\":\"https:\/\/zodr.pl\/zinet\/\"},{\"@type\":\"ListItem\",\"position\":2,\"name\":\"Dokumenty\"}]},{\"@type\":\"WebSite\",\"@id\":\"https:\/\/zodr.pl\/zinet\/#website\",\"url\":\"https:\/\/zodr.pl\/zinet\/\",\"name\":\"Zachodniopomorski O\u015brodek Doradztwa Rolniczego w Barzkowicach\",\"description\":\"Nowoczesne sale na ka\u017cde wydarzenie - konferencje, szkolenia, warsztaty i uroczysto\u015bci\",\"publisher\":{\"@id\":\"https:\/\/zodr.pl\/zinet\/#organization\"},\"potentialAction\":[{\"@type\":\"SearchAction\",\"target\":{\"@type\":\"EntryPoint\",\"urlTemplate\":\"https:\/\/zodr.pl\/zinet\/?s={search_term_string}\"},\"query-input\":{\"@type\":\"PropertyValueSpecification\",\"valueRequired\":true,\"valueName\":\"search_term_string\"}}],\"inLanguage\":\"pl-PL\"},{\"@type\":\"Organization\",\"@id\":\"https:\/\/zodr.pl\/zinet\/#organization\",\"name\":\"Zachodniopomorski O\u015brodek Doradztwa Rolniczego w Barzkowicach\",\"url\":\"https:\/\/zodr.pl\/zinet\/\",\"logo\":{\"@type\":\"ImageObject\",\"inLanguage\":\"pl-PL\",\"@id\":\"https:\/\/zodr.pl\/zinet\/#\/schema\/logo\/image\/\",\"url\":\"https:\/\/zodr.pl\/zinet\/wp-content\/uploads\/2024\/07\/cropped-logo_zodr.png\",\"contentUrl\":\"https:\/\/zodr.pl\/zinet\/wp-content\/uploads\/2024\/07\/cropped-logo_zodr.png\",\"width\":125,\"height\":115,\"caption\":\"Zachodniopomorski O\u015brodek Doradztwa Rolniczego w Barzkowicach\"},\"image\":{\"@id\":\"https:\/\/zodr.pl\/zinet\/#\/schema\/logo\/image\/\"},\"sameAs\":[\"https:\/\/facebook.com\/zodr.barzkowice\/\"]}]}<\/script>\n<!-- \/ Yoast SEO plugin. -->","yoast_head_json":{"title":"Dokumenty - Zachodniopomorski O\u015brodek Doradztwa Rolniczego w Barzkowicach","robots":{"index":"index","follow":"follow","max-snippet":"max-snippet:-1","max-image-preview":"max-image-preview:large","max-video-preview":"max-video-preview:-1"},"canonical":"https:\/\/zodr.pl\/zinet\/dokumenty\/","og_locale":"pl_PL","og_type":"article","og_title":"Dokumenty - Zachodniopomorski O\u015brodek Doradztwa Rolniczego w Barzkowicach","og_description":"Dokumenty Pliki do pobrania","og_url":"https:\/\/zodr.pl\/zinet\/dokumenty\/","og_site_name":"Zachodniopomorski O\u015brodek Doradztwa Rolniczego w Barzkowicach","article_publisher":"https:\/\/facebook.com\/zodr.barzkowice\/","article_modified_time":"2025-09-09T10:07:14+00:00","og_image":[{"width":1404,"height":273,"url":"https:\/\/zodr.pl\/zinet\/wp-content\/uploads\/2023\/11\/logo-SIR.jpg","type":"image\/jpeg"}],"twitter_card":"summary_large_image","twitter_misc":{"Est. reading time":"1 minuta"},"schema":{"@context":"https:\/\/schema.org","@graph":[{"@type":"WebPage","@id":"https:\/\/zodr.pl\/zinet\/dokumenty\/","url":"https:\/\/zodr.pl\/zinet\/dokumenty\/","name":"Dokumenty - Zachodniopomorski O\u015brodek Doradztwa Rolniczego w Barzkowicach","isPartOf":{"@id":"https:\/\/zodr.pl\/zinet\/#website"},"primaryImageOfPage":{"@id":"https:\/\/zodr.pl\/zinet\/dokumenty\/#primaryimage"},"image":{"@id":"https:\/\/zodr.pl\/zinet\/dokumenty\/#primaryimage"},"thumbnailUrl":"https:\/\/zodr.pl\/zinet\/wp-content\/uploads\/2023\/11\/logo-SIR-1024x199.jpg","datePublished":"2023-11-20T08:49:54+00:00","dateModified":"2025-09-09T10:07:14+00:00","breadcrumb":{"@id":"https:\/\/zodr.pl\/zinet\/dokumenty\/#breadcrumb"},"inLanguage":"pl-PL","potentialAction":[{"@type":"ReadAction","target":["https:\/\/zodr.pl\/zinet\/dokumenty\/"]}]},{"@type":"ImageObject","inLanguage":"pl-PL","@id":"https:\/\/zodr.pl\/zinet\/dokumenty\/#primaryimage","url":"https:\/\/zodr.pl\/zinet\/wp-content\/uploads\/2023\/11\/logo-SIR.jpg","contentUrl":"https:\/\/zodr.pl\/zinet\/wp-content\/uploads\/2023\/11\/logo-SIR.jpg","width":1404,"height":273},{"@type":"BreadcrumbList","@id":"https:\/\/zodr.pl\/zinet\/dokumenty\/#breadcrumb","itemListElement":[{"@type":"ListItem","position":1,"name":"Home","item":"https:\/\/zodr.pl\/zinet\/"},{"@type":"ListItem","position":2,"name":"Dokumenty"}]},{"@type":"WebSite","@id":"https:\/\/zodr.pl\/zinet\/#website","url":"https:\/\/zodr.pl\/zinet\/","name":"Zachodniopomorski O\u015brodek Doradztwa Rolniczego w Barzkowicach","description":"Nowoczesne sale na ka\u017cde wydarzenie - konferencje, szkolenia, warsztaty i uroczysto\u015bci","publisher":{"@id":"https:\/\/zodr.pl\/zinet\/#organization"},"potentialAction":[{"@type":"SearchAction","target":{"@type":"EntryPoint","urlTemplate":"https:\/\/zodr.pl\/zinet\/?s={search_term_string}"},"query-input":{"@type":"PropertyValueSpecification","valueRequired":true,"valueName":"search_term_string"}}],"inLanguage":"pl-PL"},{"@type":"Organization","@id":"https:\/\/zodr.pl\/zinet\/#organization","name":"Zachodniopomorski O\u015brodek Doradztwa Rolniczego w Barzkowicach","url":"https:\/\/zodr.pl\/zinet\/","logo":{"@type":"ImageObject","inLanguage":"pl-PL","@id":"https:\/\/zodr.pl\/zinet\/#\/schema\/logo\/image\/","url":"https:\/\/zodr.pl\/zinet\/wp-content\/uploads\/2024\/07\/cropped-logo_zodr.png","contentUrl":"https:\/\/zodr.pl\/zinet\/wp-content\/uploads\/2024\/07\/cropped-logo_zodr.png","width":125,"height":115,"caption":"Zachodniopomorski O\u015brodek Doradztwa Rolniczego w Barzkowicach"},"image":{"@id":"https:\/\/zodr.pl\/zinet\/#\/schema\/logo\/image\/"},"sameAs":["https:\/\/facebook.com\/zodr.barzkowice\/"]}]}},"uagb_featured_image_src":{"full":false,"thumbnail":false,"medium":false,"medium_large":false,"large":false,"1536x1536":false,"2048x2048":false},"uagb_author_info":{"display_name":"r.ruducha","author_link":"https:\/\/zodr.pl\/zinet\/author\/r-ruducha\/"},"uagb_comment_info":0,"uagb_excerpt":"Dokumenty Pliki do pobrania","_links":{"self":[{"href":"https:\/\/zodr.pl\/zinet\/wp-json\/wp\/v2\/pages\/4751","targetHints":{"allow":["GET"]}}],"collection":[{"href":"https:\/\/zodr.pl\/zinet\/wp-json\/wp\/v2\/pages"}],"about":[{"href":"https:\/\/zodr.pl\/zinet\/wp-json\/wp\/v2\/types\/page"}],"author":[{"embeddable":true,"href":"https:\/\/zodr.pl\/zinet\/wp-json\/wp\/v2\/users\/23"}],"replies":[{"embeddable":true,"href":"https:\/\/zodr.pl\/zinet\/wp-json\/wp\/v2\/comments?post=4751"}],"version-history":[{"count":16,"href":"https:\/\/zodr.pl\/zinet\/wp-json\/wp\/v2\/pages\/4751\/revisions"}],"predecessor-version":[{"id":20691,"href":"https:\/\/zodr.pl\/zinet\/wp-json\/wp\/v2\/pages\/4751\/revisions\/20691"}],"wp:attachment":[{"href":"https:\/\/zodr.pl\/zinet\/wp-json\/wp\/v2\/media?parent=4751"}],"curies":[{"name":"wp","href":"https:\/\/api.w.org\/{rel}","templated":true}]}}